{"id":1664,"date":"2019-11-28T13:05:48","date_gmt":"2019-11-28T12:05:48","guid":{"rendered":"https:\/\/www.musikunterricht-nienstedten.de\/?page_id=1664"},"modified":"2021-02-25T21:17:07","modified_gmt":"2021-02-25T20:17:07","slug":"computer-de","status":"publish","type":"page","link":"https:\/\/www.musikunterricht-nienstedten.de\/?page_id=1664&lang=de","title":{"rendered":"Computer"},"content":{"rendered":"\t\t<div data-elementor-type=\"wp-page\" data-elementor-id=\"1664\" class=\"elementor elementor-1664\" data-elementor-post-type=\"page\">\n\t\t\t\t\t\t<section class=\"elementor-section elementor-top-section elementor-element elementor-element-4f6d50b elementor-section-content-middle elementor-section-boxed elementor-section-height-default elementor-section-height-default\" data-id=\"4f6d50b\" data-element_type=\"section\" data-settings=\"{&quot;background_background&quot;:&quot;classic&quot;}\">\n\t\t\t\t\t\t\t<div class=\"elementor-background-overlay\"><\/div>\n\t\t\t\t\t\t\t<div class=\"elementor-container elementor-column-gap-no\">\n\t\t\t\t\t<div class=\"elementor-column elementor-col-33 elementor-top-column elementor-element elementor-element-4a975b6\" data-id=\"4a975b6\" data-element_type=\"column\">\n\t\t\t<div class=\"elementor-widget-wrap\">\n\t\t\t\t\t\t\t<\/div>\n\t\t<\/div>\n\t\t\t\t<div class=\"elementor-column elementor-col-33 elementor-top-column elementor-element elementor-element-18df2d4\" data-id=\"18df2d4\" data-element_type=\"column\">\n\t\t\t<div class=\"elementor-widget-wrap elementor-element-populated\">\n\t\t\t\t\t\t<div class=\"elementor-element elementor-element-f09567e elementor-widget elementor-widget-heading\" data-id=\"f09567e\" data-element_type=\"widget\" data-widget_type=\"heading.default\">\n\t\t\t\t<div class=\"elementor-widget-container\">\n\t\t\t\t\t<h1 class=\"elementor-heading-title elementor-size-default\">Computer<\/h1>\t\t\t\t<\/div>\n\t\t\t\t<\/div>\n\t\t\t\t\t<\/div>\n\t\t<\/div>\n\t\t\t\t<div class=\"elementor-column elementor-col-33 elementor-top-column elementor-element elementor-element-b479c90\" data-id=\"b479c90\" data-element_type=\"column\">\n\t\t\t<div class=\"elementor-widget-wrap\">\n\t\t\t\t\t\t\t<\/div>\n\t\t<\/div>\n\t\t\t\t\t<\/div>\n\t\t<\/section>\n\t\t\t\t<section class=\"elementor-section elementor-top-section elementor-element elementor-element-60a54aa elementor-section-boxed elementor-section-height-default elementor-section-height-default\" data-id=\"60a54aa\" data-element_type=\"section\" data-settings=\"{&quot;background_background&quot;:&quot;classic&quot;}\">\n\t\t\t\t\t\t<div class=\"elementor-container elementor-column-gap-default\">\n\t\t\t\t\t<div class=\"elementor-column elementor-col-100 elementor-top-column elementor-element elementor-element-06ea4c9\" data-id=\"06ea4c9\" data-element_type=\"column\">\n\t\t\t<div class=\"elementor-widget-wrap elementor-element-populated\">\n\t\t\t\t\t\t<div class=\"elementor-element elementor-element-48f830b elementor-widget elementor-widget-text-editor\" data-id=\"48f830b\" data-element_type=\"widget\" data-widget_type=\"text-editor.default\">\n\t\t\t\t<div class=\"elementor-widget-container\">\n\t\t\t\t\t\t\t\t\t<p>Ich kann sagen, dass besonders sch\u00f6ne Momente oft die sind, wo ich merke, dass mein akustischer Fl\u00fcgel keine st\u00e4ndigen Updates ben\u00f6tigt, nicht konfiguriert werden muss und nicht abst\u00fcrzen kann! Es ist auch faszinierend, dass gerade in brenzligen Situationen, in denen es um Klarheit des Denkens und stringenten Fortschritt geht, diese drei alten Werkzeuge immer wieder auftauchen: Bleistift, Radiergummi und Notenpapier. Garantiert ohne Bug und unabh\u00e4ngig vom Betriebssystem!<\/p><p>Das ist kein Witz, den ich jetzt beiseite lassen kann, aber man muss sagen, dass der Computer auch M\u00f6glichkeiten er\u00f6ffnet, die weit \u00fcber den traditionellen Workflow hinausgehen. Und: &#8220;Workflow&#8221; ist DAS Schl\u00fcsselwort f\u00fcr eine erfolgreiche Computernutzung. Die M\u00f6glichkeiten sind endlos und der Benutzer l\u00e4uft Gefahr, sich zu verlieren, anstatt produktiv zu werden. Der Vorteil entsteht nur dort, wo die Dringlichkeit der Wiederholung Arbeitsabl\u00e4ufe erzwingt. Diese klare Regel hat sich mir bei jedem gr\u00f6\u00dferen Projekt, an dem ich in der Vergangenheit gearbeitet habe, gezeigt.<\/p><p>Ich kenne bei weitem nicht alle M\u00f6glichkeiten und k\u00f6nnte mich als Experte in diesem Sinne nicht anbieten. Aber ich kann die Erfahrungen anbieten, die mir geholfen haben, einen betr\u00e4chtlichen Arbeitsberg zu bew\u00e4ltigen und Bleistift und Radiergummi an dem einen oder anderen Punkt zu \u00fcberbieten. \ud83d\ude42<\/p><p>Ich freue mich auf den Gedankenaustausch oder die Unterst\u00fctzung, je nachdem, was n\u00e4her liegt!<\/p>\t\t\t\t\t\t\t\t<\/div>\n\t\t\t\t<\/div>\n\t\t\t\t\t<\/div>\n\t\t<\/div>\n\t\t\t\t\t<\/div>\n\t\t<\/section>\n\t\t\t\t<section class=\"elementor-section elementor-top-section elementor-element elementor-element-1470f36 elementor-section-boxed elementor-section-height-default elementor-section-height-default\" data-id=\"1470f36\" data-element_type=\"section\" data-settings=\"{&quot;background_background&quot;:&quot;classic&quot;}\">\n\t\t\t\t\t\t<div class=\"elementor-container elementor-column-gap-default\">\n\t\t\t\t\t<div class=\"elementor-column elementor-col-100 elementor-top-column elementor-element elementor-element-cb4d300\" data-id=\"cb4d300\" data-element_type=\"column\">\n\t\t\t<div class=\"elementor-widget-wrap elementor-element-populated\">\n\t\t\t\t\t\t<div class=\"elementor-element elementor-element-eebf2ce elementor-widget-divider--view-line elementor-widget elementor-widget-divider\" data-id=\"eebf2ce\" data-element_type=\"widget\" data-widget_type=\"divider.default\">\n\t\t\t\t<div class=\"elementor-widget-container\">\n\t\t\t\t\t\t\t<div class=\"elementor-divider\">\n\t\t\t<span class=\"elementor-divider-separator\">\n\t\t\t\t\t\t<\/span>\n\t\t<\/div>\n\t\t\t\t\t\t<\/div>\n\t\t\t\t<\/div>\n\t\t\t\t\t<\/div>\n\t\t<\/div>\n\t\t\t\t\t<\/div>\n\t\t<\/section>\n\t\t\t\t<section class=\"elementor-section elementor-top-section elementor-element elementor-element-f55d691 elementor-section-boxed elementor-section-height-default elementor-section-height-default\" data-id=\"f55d691\" data-element_type=\"section\" data-settings=\"{&quot;background_background&quot;:&quot;classic&quot;}\">\n\t\t\t\t\t\t<div class=\"elementor-container elementor-column-gap-default\">\n\t\t\t\t\t<div class=\"elementor-column elementor-col-100 elementor-top-column elementor-element elementor-element-c967e68\" data-id=\"c967e68\" data-element_type=\"column\">\n\t\t\t<div class=\"elementor-widget-wrap elementor-element-populated\">\n\t\t\t\t\t\t<section class=\"elementor-section elementor-inner-section elementor-element elementor-element-61c1d3f elementor-section-boxed elementor-section-height-default elementor-section-height-default\" data-id=\"61c1d3f\" data-element_type=\"section\">\n\t\t\t\t\t\t<div class=\"elementor-container elementor-column-gap-default\">\n\t\t\t\t\t<div class=\"elementor-column elementor-col-50 elementor-inner-column elementor-element elementor-element-f3ba14b\" data-id=\"f3ba14b\" data-element_type=\"column\">\n\t\t\t<div class=\"elementor-widget-wrap elementor-element-populated\">\n\t\t\t\t\t\t<div class=\"elementor-element elementor-element-719016a elementor-widget elementor-widget-image\" data-id=\"719016a\" data-element_type=\"widget\" data-widget_type=\"image.default\">\n\t\t\t\t<div class=\"elementor-widget-container\">\n\t\t\t\t\t\t\t\t\t\t\t\t\t\t\t<img decoding=\"async\" width=\"150\" height=\"150\" src=\"https:\/\/www.musikunterricht-nienstedten.de\/wp-content\/uploads\/2019\/11\/mixer_icon-1-150x150.jpg\" class=\"attachment-thumbnail size-thumbnail wp-image-1588\" alt=\"\" srcset=\"https:\/\/www.musikunterricht-nienstedten.de\/wp-content\/uploads\/2019\/11\/mixer_icon-1-150x150.jpg 150w, https:\/\/www.musikunterricht-nienstedten.de\/wp-content\/uploads\/2019\/11\/mixer_icon-1-300x300.jpg 300w, https:\/\/www.musikunterricht-nienstedten.de\/wp-content\/uploads\/2019\/11\/mixer_icon-1-768x768.jpg 768w, https:\/\/www.musikunterricht-nienstedten.de\/wp-content\/uploads\/2019\/11\/mixer_icon-1.jpg 900w\" sizes=\"(max-width: 150px) 100vw, 150px\" \/>\t\t\t\t\t\t\t\t\t\t\t\t\t\t\t<\/div>\n\t\t\t\t<\/div>\n\t\t\t\t<div class=\"elementor-element elementor-element-f56a252 elementor-widget elementor-widget-heading\" data-id=\"f56a252\" data-element_type=\"widget\" data-widget_type=\"heading.default\">\n\t\t\t\t<div class=\"elementor-widget-container\">\n\t\t\t\t\t<h2 class=\"elementor-heading-title elementor-size-default\">Sequencing<\/h2>\t\t\t\t<\/div>\n\t\t\t\t<\/div>\n\t\t\t\t<div class=\"elementor-element elementor-element-26dae74 elementor-widget elementor-widget-text-editor\" data-id=\"26dae74\" data-element_type=\"widget\" data-widget_type=\"text-editor.default\">\n\t\t\t\t<div class=\"elementor-widget-container\">\n\t\t\t\t\t\t\t\t\t<p>Meine ersten Schritte und Projekte im Bereich Sequenzierung waren in Apple Logic. Ich hatte au\u00dferdem das gro\u00dfe Gl\u00fcck, f\u00fcr diesen Sequenzer ein \u00e4u\u00dferst wertvolles Praktikum in einem f\u00fchrenden Tonstudio absolvieren zu k\u00f6nnen und unter anderem die Bedeutung eines guten Workflows zu erkennen. (Danke, Axel!) In der Zwischenzeit habe ich auf Cubase umgestellt, um etwas unabh\u00e4ngiger vom Betriebssystem zu sein.<\/p>\t\t\t\t\t\t\t\t<\/div>\n\t\t\t\t<\/div>\n\t\t\t\t\t<\/div>\n\t\t<\/div>\n\t\t\t\t<div class=\"elementor-column elementor-col-50 elementor-inner-column elementor-element elementor-element-d941262\" data-id=\"d941262\" data-element_type=\"column\">\n\t\t\t<div class=\"elementor-widget-wrap elementor-element-populated\">\n\t\t\t\t\t\t<div class=\"elementor-element elementor-element-262d845 elementor-widget elementor-widget-image\" data-id=\"262d845\" data-element_type=\"widget\" data-widget_type=\"image.default\">\n\t\t\t\t<div class=\"elementor-widget-container\">\n\t\t\t\t\t\t\t\t\t\t\t\t\t\t\t<img decoding=\"async\" width=\"150\" height=\"150\" src=\"https:\/\/www.musikunterricht-nienstedten.de\/wp-content\/uploads\/2019\/11\/notes_icon-1-150x150.jpg\" class=\"attachment-thumbnail size-thumbnail wp-image-1587\" alt=\"\" \/>\t\t\t\t\t\t\t\t\t\t\t\t\t\t\t<\/div>\n\t\t\t\t<\/div>\n\t\t\t\t<div class=\"elementor-element elementor-element-26546a5 elementor-widget elementor-widget-heading\" data-id=\"26546a5\" data-element_type=\"widget\" data-widget_type=\"heading.default\">\n\t\t\t\t<div class=\"elementor-widget-container\">\n\t\t\t\t\t<h2 class=\"elementor-heading-title elementor-size-default\">Noten Layout<\/h2>\t\t\t\t<\/div>\n\t\t\t\t<\/div>\n\t\t\t\t<div class=\"elementor-element elementor-element-6ef9208 elementor-widget elementor-widget-text-editor\" data-id=\"6ef9208\" data-element_type=\"widget\" data-widget_type=\"text-editor.default\">\n\t\t\t\t<div class=\"elementor-widget-container\">\n\t\t\t\t\t\t\t\t\t<p>Musik f\u00fcr echte Spieler zu machen, w\u00e4re zumindest eine Herausforderung, wenn man keine gedruckte Partitur anbieten kann. Dies ist also die zweite Hauptsoftware in meinem Produktionsprozess. Vor 25 Jahren waren die ersten Projekte in Finale. Dann hatte ich eine sehr gute Zeit mit Sibelius und wechselte k\u00fcrzlich zu Dorico, um \u00fcber die aktuelle Entwicklung in diesem Bereich informiert zu bleiben.<\/p>\t\t\t\t\t\t\t\t<\/div>\n\t\t\t\t<\/div>\n\t\t\t\t\t<\/div>\n\t\t<\/div>\n\t\t\t\t\t<\/div>\n\t\t<\/section>\n\t\t\t\t<section class=\"elementor-section elementor-inner-section elementor-element elementor-element-6bd2466 elementor-section-boxed elementor-section-height-default elementor-section-height-default\" data-id=\"6bd2466\" data-element_type=\"section\">\n\t\t\t\t\t\t<div class=\"elementor-container elementor-column-gap-default\">\n\t\t\t\t\t<div class=\"elementor-column elementor-col-50 elementor-inner-column elementor-element elementor-element-1863d03\" data-id=\"1863d03\" data-element_type=\"column\">\n\t\t\t<div class=\"elementor-widget-wrap elementor-element-populated\">\n\t\t\t\t\t\t<div class=\"elementor-element elementor-element-5c789e8 elementor-widget elementor-widget-image\" data-id=\"5c789e8\" data-element_type=\"widget\" data-widget_type=\"image.default\">\n\t\t\t\t<div class=\"elementor-widget-container\">\n\t\t\t\t\t\t\t\t\t\t\t\t\t\t\t<img decoding=\"async\" src=\"https:\/\/www.musikunterricht-nienstedten.de\/wp-content\/uploads\/elementor\/thumbs\/instrument_icon-1-ohc0ngqr4th35rljk7s20gdz95nlx6s0tv62yrhhyc.jpg\" title=\"instrument_icon\" alt=\"instrument_icon\" loading=\"lazy\" \/>\t\t\t\t\t\t\t\t\t\t\t\t\t\t\t<\/div>\n\t\t\t\t<\/div>\n\t\t\t\t<div class=\"elementor-element elementor-element-b9adbf6 elementor-widget elementor-widget-heading\" data-id=\"b9adbf6\" data-element_type=\"widget\" data-widget_type=\"heading.default\">\n\t\t\t\t<div class=\"elementor-widget-container\">\n\t\t\t\t\t<h2 class=\"elementor-heading-title elementor-size-default\">Klangbibliotheken<\/h2>\t\t\t\t<\/div>\n\t\t\t\t<\/div>\n\t\t\t\t<div class=\"elementor-element elementor-element-4c8a5c0 elementor-widget elementor-widget-text-editor\" data-id=\"4c8a5c0\" data-element_type=\"widget\" data-widget_type=\"text-editor.default\">\n\t\t\t\t<div class=\"elementor-widget-container\">\n\t\t\t\t\t\t\t\t\t<p>Vor allem die Orchester-Klangbibliotheken waren ein gro\u00dfer Schritt nach vorne in der Musikproduktion. Ich war immer interessiert, begann aber erst nach einer speziellen Schulung davon zu profitieren.\u00a0 Jetzt ist alles einigerma\u00dfen stabil. Die Orchestersoftware l\u00e4uft auf einem eigenen Computer, was dem Sequenzing-Computer Komfort und Sicherheit gibt. Die kleine Version der VSL-Bibliothek ist f\u00fcr mich ausreichend. Sie wird erg\u00e4nzt durch einige weitere Produkte, die nicht von der VSL abgedeckt werden.<\/p>\t\t\t\t\t\t\t\t<\/div>\n\t\t\t\t<\/div>\n\t\t\t\t\t<\/div>\n\t\t<\/div>\n\t\t\t\t<div class=\"elementor-column elementor-col-50 elementor-inner-column elementor-element elementor-element-fa33265\" data-id=\"fa33265\" data-element_type=\"column\">\n\t\t\t<div class=\"elementor-widget-wrap elementor-element-populated\">\n\t\t\t\t\t\t<div class=\"elementor-element elementor-element-87e4cc2 elementor-widget elementor-widget-image\" data-id=\"87e4cc2\" data-element_type=\"widget\" data-widget_type=\"image.default\">\n\t\t\t\t<div class=\"elementor-widget-container\">\n\t\t\t\t\t\t\t\t\t\t\t\t\t\t\t<img decoding=\"async\" src=\"https:\/\/www.musikunterricht-nienstedten.de\/wp-content\/uploads\/elementor\/thumbs\/puzzle-ohc1h1pw83yyjymlti4czhn8apuh697wkab7p9mg4k.jpg\" title=\"puzzle\" alt=\"puzzle\" loading=\"lazy\" \/>\t\t\t\t\t\t\t\t\t\t\t\t\t\t\t<\/div>\n\t\t\t\t<\/div>\n\t\t\t\t<div class=\"elementor-element elementor-element-22dc0b2 elementor-widget elementor-widget-heading\" data-id=\"22dc0b2\" data-element_type=\"widget\" data-widget_type=\"heading.default\">\n\t\t\t\t<div class=\"elementor-widget-container\">\n\t\t\t\t\t<h2 class=\"elementor-heading-title elementor-size-default\">Integration<\/h2>\t\t\t\t<\/div>\n\t\t\t\t<\/div>\n\t\t\t\t<div class=\"elementor-element elementor-element-4cd2343 elementor-widget elementor-widget-text-editor\" data-id=\"4cd2343\" data-element_type=\"widget\" data-widget_type=\"text-editor.default\">\n\t\t\t\t<div class=\"elementor-widget-container\">\n\t\t\t\t\t\t\t\t\t<p>Was ist mit der Fee und den drei W\u00fcnschen? La\u00df es zusammen funktionieren, bitte! Ein paar Stichworte: Audio-Interface, Midi-Eingabeger\u00e4te, Verkabelung, Shortcut- und Windows-Management, Betriebssystemstabilit\u00e4t, Datensicherheit, Backup-Strategie, Dateiablage-Organisation, digitale Archive online und offline, Cloud Integration&#8230;.. Je weniger Schw\u00e4chen oder St\u00f6rungen an einem dieser Punkte, desto weniger Stress. Erfahrungen austauschen &#8211; oder auf die Fee hoffen?<\/p>\t\t\t\t\t\t\t\t<\/div>\n\t\t\t\t<\/div>\n\t\t\t\t\t<\/div>\n\t\t<\/div>\n\t\t\t\t\t<\/div>\n\t\t<\/section>\n\t\t\t\t\t<\/div>\n\t\t<\/div>\n\t\t\t\t\t<\/div>\n\t\t<\/section>\n\t\t\t\t<\/div>\n\t\t","protected":false},"excerpt":{"rendered":"<p>Computer Ich kann sagen, dass besonders sch\u00f6ne Momente oft die sind, wo ich merke, dass mein akustischer Fl\u00fcgel keine st\u00e4ndigen Updates ben\u00f6tigt, nicht konfiguriert werden muss und nicht abst\u00fcrzen kann! Es ist auch faszinierend, dass gerade in brenzligen Situationen, in denen es um Klarheit des Denkens und stringenten Fortschritt geht, diese drei alten Werkzeuge immer [&hellip;]<\/p>\n","protected":false},"author":1,"featured_media":0,"parent":0,"menu_order":0,"comment_status":"closed","ping_status":"closed","template":"","meta":{"site-sidebar-layout":"no-sidebar","site-content-layout":"page-builder","ast-site-content-layout":"default","site-content-style":"default","site-sidebar-style":"default","ast-global-header-display":"","ast-banner-title-visibility":"","ast-main-header-display":"","ast-hfb-above-header-display":"","ast-hfb-below-header-display":"","ast-hfb-mobile-header-display":"","site-post-title":"disabled","ast-breadcrumbs-content":"disabled","ast-featured-img":"disabled","footer-sml-layout":"","theme-transparent-header-meta":"enabled","adv-header-id-meta":"","stick-header-meta":"","header-above-stick-meta":"","header-main-stick-meta":"","header-below-stick-meta":"","astra-migrate-meta-layouts":"default","ast-page-background-enabled":"default","ast-page-background-meta":{"desktop":{"background-color":"","background-image":"","background-repeat":"repeat","background-position":"center center","background-size":"auto","background-attachment":"scroll","background-type":"","background-media":"","overlay-type":"","overlay-color":"","overlay-opacity":"","overlay-gradient":""},"tablet":{"background-color":"","background-image":"","background-repeat":"repeat","background-position":"center center","background-size":"auto","background-attachment":"scroll","background-type":"","background-media":"","overlay-type":"","overlay-color":"","overlay-opacity":"","overlay-gradient":""},"mobile":{"background-color":"","background-image":"","background-repeat":"repeat","background-position":"center center","background-size":"auto","background-attachment":"scroll","background-type":"","background-media":"","overlay-type":"","overlay-color":"","overlay-opacity":"","overlay-gradient":""}},"ast-content-background-meta":{"desktop":{"background-color":"var(--ast-global-color-5)","background-image":"","background-repeat":"repeat","background-position":"center center","background-size":"auto","background-attachment":"scroll","background-type":"","background-media":"","overlay-type":"","overlay-color":"","overlay-opacity":"","overlay-gradient":""},"tablet":{"background-color":"var(--ast-global-color-5)","background-image":"","background-repeat":"repeat","background-position":"center center","background-size":"auto","background-attachment":"scroll","background-type":"","background-media":"","overlay-type":"","overlay-color":"","overlay-opacity":"","overlay-gradient":""},"mobile":{"background-color":"var(--ast-global-color-5)","background-image":"","background-repeat":"repeat","background-position":"center center","background-size":"auto","background-attachment":"scroll","background-type":"","background-media":"","overlay-type":"","overlay-color":"","overlay-opacity":"","overlay-gradient":""}},"footnotes":""},"class_list":["post-1664","page","type-page","status-publish","hentry"],"_links":{"self":[{"href":"https:\/\/www.musikunterricht-nienstedten.de\/index.php?rest_route=\/wp\/v2\/pages\/1664","targetHints":{"allow":["GET"]}}],"collection":[{"href":"https:\/\/www.musikunterricht-nienstedten.de\/index.php?rest_route=\/wp\/v2\/pages"}],"about":[{"href":"https:\/\/www.musikunterricht-nienstedten.de\/index.php?rest_route=\/wp\/v2\/types\/page"}],"author":[{"embeddable":true,"href":"https:\/\/www.musikunterricht-nienstedten.de\/index.php?rest_route=\/wp\/v2\/users\/1"}],"replies":[{"embeddable":true,"href":"https:\/\/www.musikunterricht-nienstedten.de\/index.php?rest_route=%2Fwp%2Fv2%2Fcomments&post=1664"}],"version-history":[{"count":10,"href":"https:\/\/www.musikunterricht-nienstedten.de\/index.php?rest_route=\/wp\/v2\/pages\/1664\/revisions"}],"predecessor-version":[{"id":2246,"href":"https:\/\/www.musikunterricht-nienstedten.de\/index.php?rest_route=\/wp\/v2\/pages\/1664\/revisions\/2246"}],"wp:attachment":[{"href":"https:\/\/www.musikunterricht-nienstedten.de\/index.php?rest_route=%2Fwp%2Fv2%2Fmedia&parent=1664"}],"curies":[{"name":"wp","href":"https:\/\/api.w.org\/{rel}","templated":true}]}}